mon factor of 69 and 391.
23
What is the highest common factor of 88 and 344?
8
What is the greatest common divisor of 6105 and 111?
111
What is the greatest common factor of 256 and 288?
32
Calculate the highest common divisor of 24 and 2064.
24
What is the greatest common factor of 924 and 11?
11
Calculate the greatest common divisor of 1739 and 47.
47
Calculate the greatest common divisor of 2 and 3986.
2
What is the highest common factor of 84 and 420?
84
Calculate the greatest common factor of 34 and 8.
2
Calculate the greatest common factor of 6358 and 22.
22
What is the greatest common divisor of 136 and 51?
17
What is the greatest common factor of 39 and 2626?
13
Calculate the highest common factor of 18 and 432.
18
What is the highest common divisor of 95 and 95?
95
Calculate the greatest common factor of 65 and 1105.
65
Calculate the greatest common divisor of 3497 and 13.
13
Calculate the greatest common factor of 4194 and 18.
18
Calculate the highest common divisor of 256 and 2464.
32
What is the greatest common divisor of 8722 and 267?
89
Calculate the highest common divisor of 55 and 55.
55
What is the highest common divisor of 60 and 7068?
12
Calculate the greatest common factor of 12 and 750.
6
What is the highest common divisor of 76 and 266?
38
What is the greatest common divisor of 13 and 247?
13
Calculate the greatest common divisor of 4845 and 1995.
285
What is the greatest common factor of 8174 and 134?
134
What is the highest common divisor of 84 and 48?
12
Calculate the highest common factor of 33 and 363.
33
Calculate the highest common factor of 45 and 5.
5
Calculate the highest common factor of 17928 and 9.
9
What is the greatest common factor of 4440 and 600?
120
Calculate the highest common divisor of 621 and 23.
23
Calculate the highest common divisor of 73 and 219.
73
What is the highest common divisor of 2760 and 600?
120
What is the highest common factor of 87 and 1479?
87
Calculate the greatest common factor of 221 and 68.
17
What is the greatest common divisor of 12116 and 78?
26
Calculate the highest common factor of 70 and 80.
10
What is the highest common factor of 55 and 5?
5
What is the greatest common divisor of 312 and 30?
6
Calculate the greatest common factor of 116 and 9628.
116
Calculate the greatest common divisor of 12 and 84.
12
What is the greatest common factor of 8 and 672?
8
What is the greatest common divisor of 362 and 4?
2
Calculate the greatest common divisor of 26 and 8710.
26
What is the highest common factor of 9 and 1?
1
Calculate the greatest common divisor of 20 and 680.
20
Calculate the highest common factor of 15226 and 69.
23
What is the highest common factor of 2784 and 261?
87
What is the highest common divisor of 11 and 4?
1
Calculate the greatest common divisor of 208 and 78.
26
Calculate the highest common divisor of 10032 and 1140.
228
Calculate the highest common divisor of 1540 and 7.
7
What is the greatest common factor of 133 and 38?
19
What is the highest common divisor of 11680 and 146?
146
What is the highest common factor of 26 and 8086?
26
Calculate the highest common factor of 7428 and 12.
12
What is the greatest common factor of 18 and 288?
18
Calculate the greatest common factor of 99 and 2046.
33
Calculate the highest common factor of 5621 and 77.
77
Calculate the greatest common factor of 106 and 3392.
106
Calculate the highest common factor of 9537 and 51.
51
Calculate the greatest common divisor of 2628 and 73.
73
Calculate the greatest common factor of 50 and 4.
2
Calculate the greatest common factor of 860 and 43.
43
Calculate the greatest common factor of 8584 and 174.
58
What is the highest common divisor of 1056 and 32?
32
Calculate the greatest common factor of 225 and 9.
9
Calculate the greatest common factor of 49 and 14.
7
What is the highest common divisor of 238 and 56?
14
What is the greatest common divisor of 86 and 559?
43
Calculate the highest common factor of 255 and 4980.
15
Calculate the greatest common divisor of 380 and 19.
19
What is the highest common divisor of 765 and 315?
45
Calculate the greatest common divisor of 91 and 7.
7
What is the greatest common divisor of 104 and 78?
26
What is the greatest common divisor of 1782 and 66?
66
What is the greatest common divisor of 1080 and 1920?
120
What is the greatest common divisor of 6 and 249?
3
Calculate the highest common factor of 300 and 610.
10
Calculate the greatest common divisor of 3 and 15.
3
What is the highest common factor of 6882 and 31?
31
Calculate the highest common factor of 20 and 10810.
10
What is the greatest common divisor of 10950 and 750?
150
Calculate the greatest common divisor of 950 and 570.
190
Calculate the greatest common factor of 85 and 34.
17
What is the highest common divisor of 3120 and 52?
52
What is the greatest common divisor of 54 and 1404?
54
What is the greatest common factor of 1206 and 114?
6
What is the greatest common divisor of 1 and 121?
1
Calculate the highest common factor of 1278 and 18.
18
Calculate the highest common factor of 630 and 1638.
126
Calculate the highest common divisor of 400 and 640.
80
Calculate the greatest common factor of 2 and 115.
1
Calculate the greatest common factor of 860 and 50.
10
What is the highest common divisor of 4280 and 120?
40
Calculate the greatest common divisor of 2230 and 18732.
446
What is the highest common divisor of 260 and 455?
65
What is the highest common factor of 42 and 56?
14
What is the greatest common divisor of 189 and 7?
7
What is the greatest common factor of 5 and 11?
1
What is the greatest common divisor of 2 and 13?
1
What is the highest common factor of 763 and 301?
7
What is the highest common divisor of 801 and 3?
3
Calculate the highest common factor of 51 and 187.
17
Calculate the highest common factor of 81 and 45.
9
Calculate the highest common factor of 37 and 703.
37
Calculate the highest common divisor of 42 and 5488.
14
What is the greatest common divisor of 168 and 108?
12
Calculate the greatest common divisor of 10 and 780.
10
What is the highest common divisor of 1368 and 760?
152
What is the highest common factor of 456 and 348?
12
What is the highest common divisor of 924 and 8646?
66
What is the greatest common factor of 96 and 11776?
32
Calculate the greatest common factor of 1012 and 644.
92
What is the greatest common factor of 8 and 18?
2
Calculate the highest common factor of 38 and 646.
38
Calculate the highest common divisor of 24 and 630.
6
What is the greatest common divisor of 136 and 68?
68
What is the greatest common divisor of 16 and 872?
8
Calculate the greatest common factor of 1222 and 376.
94
Calculate the highest common factor of 1088 and 64.
64
Calculate the greatest common divisor of 52 and 2236.
52
Calculate the highest common factor of 117 and 9.
9
What is the highest common factor of 18 and 32?
2
Calculate the highest common divisor of 13 and 871.
13
What is the highest common divisor of 455 and 14?
7
What is the highest common factor of 7408 and 48?
16
Calculate the highest common divisor of 32 and 12.
4
What is the highest common factor of 56 and 3584?
56
What is the greatest common divisor of 192 and 16?
16
Calculate the highest common factor of 146250 and 234.
234
What is the highest common divisor of 3409 and 112?
7
Calculate the greatest common factor of 1406 and 4.
2
What is the highest common factor of 135 and 5?
5
Calculate the highest common divisor of 20 and 70.
10
Calculate the highest common factor of 39 and 43017.
39
What is the highest common factor of 534 and 42?
6
What is the greatest common factor of 228 and 192?
12
What is the greatest common divisor of 192 and 696?
24
What is the greatest common factor of 38 and 76?
38
What is the highest common factor of 341 and 11?
11
What is the greatest common factor of 11 and 341?
11
Calculate the greatest common factor of 885 and 45.
15
What is the greatest common factor of 153 and 18?
9
What is the highest common factor of 37310 and 182?
182
Calculate the highest common factor of 833 and 85.
17
Calculate the highest common factor of 210 and 6.
6
What is the highest common factor of 27 and 21?
3
Calculate the highest common factor of 1434 and 12.
6
What is the greatest common fa